{"id":1142,"date":"2024-02-01T07:13:33","date_gmt":"2024-02-01T07:13:33","guid":{"rendered":"https:\/\/demo.wpthemego.com\/themes\/sw_emarket\/layout20\/?post_type=product&amp;p=1142"},"modified":"2024-02-01T07:13:33","modified_gmt":"2024-02-01T07:13:33","slug":"tunda-vala","status":"publish","type":"product","link":"https:\/\/akweno.ao\/helder2\/product\/tunda-vala\/","title":{"rendered":"Tunda Vala: Agrist\u00e9tica"},"content":{"rendered":"","protected":false},"excerpt":{"rendered":"<p>Revista de textos liter\u00e1rios do Movimento Litteragris publicado em 2018, com edi\u00e7\u00e3o da Uni\u00e3o dos Escritores Angolanos.<\/p>\n<h4 class=\"fl-title-vc-work title_default\">Resumo do projeto.<\/h4>\n<ul>\n<li class=\"fl-left-content fl-work-info-title\">Autor : H\u00e9lder Simbad<\/li>\n<li>\n<div class=\"fl-left-content fl-work-info-title\">Publicado : \u200e2018<\/div>\n<\/li>\n<li>\n<div class=\"fl-left-content fl-work-info-title\">L\u00edngua \u200f: Portugu\u00eas<\/div>\n<\/li>\n<\/ul>\n","protected":false},"featured_media":10115,"comment_status":"open","ping_status":"closed","template":"","meta":[],"product_brand":[],"product_cat":[176],"product_tag":[175],"class_list":{"0":"post-1142","1":"product","2":"type-product","3":"status-publish","4":"has-post-thumbnail","6":"product_cat-todos","7":"product_tag-literarios","9":"first","10":"instock","11":"featured","12":"shipping-taxable","13":"product-type-external"},"aioseo_notices":[],"_links":{"self":[{"href":"https:\/\/akweno.ao\/helder2\/wp-json\/wp\/v2\/product\/1142","targetHints":{"allow":["GET"]}}],"collection":[{"href":"https:\/\/akweno.ao\/helder2\/wp-json\/wp\/v2\/product"}],"about":[{"href":"https:\/\/akweno.ao\/helder2\/wp-json\/wp\/v2\/types\/product"}],"replies":[{"embeddable":true,"href":"https:\/\/akweno.ao\/helder2\/wp-json\/wp\/v2\/comments?post=1142"}],"wp:featuredmedia":[{"embeddable":true,"href":"https:\/\/akweno.ao\/helder2\/wp-json\/wp\/v2\/media\/10115"}],"wp:attachment":[{"href":"https:\/\/akweno.ao\/helder2\/wp-json\/wp\/v2\/media?parent=1142"}],"wp:term":[{"taxonomy":"product_brand","embeddable":true,"href":"https:\/\/akweno.ao\/helder2\/wp-json\/wp\/v2\/product_brand?post=1142"},{"taxonomy":"product_cat","embeddable":true,"href":"https:\/\/akweno.ao\/helder2\/wp-json\/wp\/v2\/product_cat?post=1142"},{"taxonomy":"product_tag","embeddable":true,"href":"https:\/\/akweno.ao\/helder2\/wp-json\/wp\/v2\/product_tag?post=1142"}],"curies":[{"name":"wp","href":"https:\/\/api.w.org\/{rel}","templated":true}]}}