{"id":10127,"date":"2024-02-04T00:10:58","date_gmt":"2024-02-04T00:10:58","guid":{"rendered":"https:\/\/akweno.ao\/hsimbad\/?post_type=product&amp;p=10127"},"modified":"2024-02-04T00:10:58","modified_gmt":"2024-02-04T00:10:58","slug":"silencios-na-fimbria-da-voz","status":"publish","type":"product","link":"https:\/\/akweno.ao\/helder2\/product\/silencios-na-fimbria-da-voz\/","title":{"rendered":"Silencios na F\u00edmbria da Voz"},"content":{"rendered":"","protected":false},"excerpt":{"rendered":"<h4><\/h4>\n<h4 class=\"fl-title-vc-work title_default\">Resumo do projeto.<\/h4>\n<ul>\n<li class=\"fl-left-content fl-work-info-title\">Autor : Concei\u00e7\u00e3o Cristov\u00e3o<\/li>\n<li>\n<div class=\"fl-left-content fl-work-info-title\">Editora : Mayamba Editora Lda<\/div>\n<\/li>\n<li>\n<div class=\"fl-left-content fl-work-info-title\">Publicado : \u200e2022<\/div>\n<\/li>\n<li>\n<div class=\"fl-left-content fl-work-info-title\">Local de Publica\u00e7\u00e3o : Brasil<\/div>\n<\/li>\n<li>\n<div class=\"fl-left-content fl-work-info-title\">L\u00edngua \u200f : Portugu\u00eas<\/div>\n<\/li>\n<li>\n<div class=\"fl-left-content fl-work-info-title\">ISBN : <a>9789897614606<\/a><\/div>\n<\/li>\n<\/ul>\n","protected":false},"featured_media":10128,"comment_status":"open","ping_status":"closed","template":"","meta":[],"product_brand":[],"product_cat":[179,176],"product_tag":[],"class_list":{"0":"post-10127","1":"product","2":"type-product","3":"status-publish","4":"has-post-thumbnail","6":"product_cat-poesia","7":"product_cat-todos","9":"first","10":"instock","11":"shipping-taxable","12":"product-type-external"},"aioseo_notices":[],"_links":{"self":[{"href":"https:\/\/akweno.ao\/helder2\/wp-json\/wp\/v2\/product\/10127","targetHints":{"allow":["GET"]}}],"collection":[{"href":"https:\/\/akweno.ao\/helder2\/wp-json\/wp\/v2\/product"}],"about":[{"href":"https:\/\/akweno.ao\/helder2\/wp-json\/wp\/v2\/types\/product"}],"replies":[{"embeddable":true,"href":"https:\/\/akweno.ao\/helder2\/wp-json\/wp\/v2\/comments?post=10127"}],"wp:featuredmedia":[{"embeddable":true,"href":"https:\/\/akweno.ao\/helder2\/wp-json\/wp\/v2\/media\/10128"}],"wp:attachment":[{"href":"https:\/\/akweno.ao\/helder2\/wp-json\/wp\/v2\/media?parent=10127"}],"wp:term":[{"taxonomy":"product_brand","embeddable":true,"href":"https:\/\/akweno.ao\/helder2\/wp-json\/wp\/v2\/product_brand?post=10127"},{"taxonomy":"product_cat","embeddable":true,"href":"https:\/\/akweno.ao\/helder2\/wp-json\/wp\/v2\/product_cat?post=10127"},{"taxonomy":"product_tag","embeddable":true,"href":"https:\/\/akweno.ao\/helder2\/wp-json\/wp\/v2\/product_tag?post=10127"}],"curies":[{"name":"wp","href":"https:\/\/api.w.org\/{rel}","templated":true}]}}