{"id":3091,"date":"2025-04-14T20:49:19","date_gmt":"2025-04-14T20:49:19","guid":{"rendered":"https:\/\/akweno.ao\/helder2\/?page_id=3091"},"modified":"2025-04-14T20:59:13","modified_gmt":"2025-04-14T20:59:13","slug":"fortuna-critica-depoimentos","status":"publish","type":"page","link":"https:\/\/akweno.ao\/helder2\/fortuna-critica-depoimentos\/","title":{"rendered":"Fortuna Cr\u00edtica &#8211; Depoimentos"},"content":{"rendered":"\t\t<div data-elementor-type=\"wp-page\" data-elementor-id=\"3091\" class=\"elementor elementor-3091\">\n\t\t\t\t<div class=\"elementor-element elementor-element-d8652af e-con-full e-flex e-con e-parent\" data-id=\"d8652af\" data-element_type=\"container\">\n\t\t<div class=\"elementor-element elementor-element-b8b8725 e-con-full e-flex e-con e-child\" data-id=\"b8b8725\" data-element_type=\"container\">\n\t\t\t\t<div class=\"elementor-element elementor-element-4725884 elementor-widget elementor-widget-spacer\" data-id=\"4725884\" data-element_type=\"widget\" data-widget_type=\"spacer.default\">\n\t\t\t\t<div class=\"elementor-widget-container\">\n\t\t\t\t\t\t\t<div class=\"elementor-spacer\">\n\t\t\t<div class=\"elementor-spacer-inner\"><\/div>\n\t\t<\/div>\n\t\t\t\t\t\t<\/div>\n\t\t\t\t<\/div>\n\t\t\t\t<\/div>\n\t\t<div class=\"elementor-element elementor-element-0d6d06d e-con-full e-flex e-con e-child\" data-id=\"0d6d06d\" data-element_type=\"container\">\n\t\t\t\t<div class=\"elementor-element elementor-element-d364206 elementor-widget elementor-widget-spacer\" data-id=\"d364206\" data-element_type=\"widget\" data-widget_type=\"spacer.default\">\n\t\t\t\t<div class=\"elementor-widget-container\">\n\t\t\t\t\t\t\t<div class=\"elementor-spacer\">\n\t\t\t<div class=\"elementor-spacer-inner\"><\/div>\n\t\t<\/div>\n\t\t\t\t\t\t<\/div>\n\t\t\t\t<\/div>\n\t\t\t\t<\/div>\n\t\t\t\t<\/div>\n\t\t<div class=\"elementor-element elementor-element-0fccfd3 e-flex e-con-boxed e-con e-parent\" data-id=\"0fccfd3\" data-element_type=\"container\">\n\t\t\t\t\t<div class=\"e-con-inner\">\n\t\t<div class=\"elementor-element elementor-element-c33e58e e-con-full e-flex e-con e-child\" data-id=\"c33e58e\" data-element_type=\"container\">\n\t\t\t\t<div class=\"elementor-element elementor-element-513191a elementor-widget__width-initial elementor-widget elementor-widget-sidebar\" data-id=\"513191a\" data-element_type=\"widget\" data-widget_type=\"sidebar.default\">\n\t\t\t\t<div class=\"elementor-widget-container\">\n\t\t\t\t\t<aside id=\"nav_menu-11\" class=\"widget-sidebar widget widget_nav_menu widgets-sidebar\"><div class=\"widget-title\"><h3>Resenhas e Artigos<\/h3><\/div><div class=\"menu-fortuna-critica-container\"><ul id=\"menu-fortuna-critica\" class=\"menu\"><li id=\"menu-item-3246\" class=\"menu-item menu-item-type-post_type menu-item-object-page menu-item-3246\"><a href=\"https:\/\/akweno.ao\/helder2\/fortuna-critica-videos\/\">Em V\u00eddeos<\/a><\/li>\n<li id=\"menu-item-3244\" class=\"menu-item menu-item-type-post_type menu-item-object-page menu-item-3244\"><a href=\"https:\/\/akweno.ao\/helder2\/fortuna-critica-textos\/\">Em Textos e Links<\/a><\/li>\n<li id=\"menu-item-3245\" class=\"menu-item menu-item-type-post_type menu-item-object-page menu-item-3245\"><a href=\"https:\/\/akweno.ao\/helder2\/fortuna-critica-imagens\/\">Em Imagens<\/a><\/li>\n<li id=\"menu-item-3243\" class=\"menu-item menu-item-type-post_type menu-item-object-page menu-item-3243\"><a href=\"https:\/\/akweno.ao\/helder2\/fortuna-critica-depoimentos\/\">Depoimentos<\/a><\/li>\n<\/ul><\/div><\/aside>\t\t\t\t<\/div>\n\t\t\t\t<\/div>\n\t\t\t\t<\/div>\n\t\t<div class=\"elementor-element elementor-element-8be8728 e-con-full e-flex e-con e-child\" data-id=\"8be8728\" data-element_type=\"container\">\n\t\t\t\t<div class=\"elementor-element elementor-element-7e2f463 elementor-widget elementor-widget-testimonial\" data-id=\"7e2f463\" data-element_type=\"widget\" data-widget_type=\"testimonial.default\">\n\t\t\t\t<div class=\"elementor-widget-container\">\n\t\t\t\t\t\t\t<div class=\"elementor-testimonial-wrapper\">\n\t\t\t\t\t\t\t<div class=\"elementor-testimonial-content\">\u201c(\u2026) Este livro tem uma abordagem, atenta e exaustiva, rica em pormenores interpretativos da l\u00edbido. \u00c9 poesia em tudo, inconformista \u00e0 norma, subjuntiva a uma curiosa substantiva\u00e7\u00e3o conceptual, gr\u00e1fica, intimista, e, no entanto, plural, una \u00e0 tem\u00e1tica, omnipresente a liquidez do sentido e do sentir. Em ch\u00e3o de mar, em voo de gaivota, em proximidade \u00e0 realidade circundante, \u00e9 uma obra desordeira, pr\u00f3xima \u00e0 lente que capta a imagem da mulher e a eterniza. Um olhar dissecante e docemente acutilante sobre as africanas que t\u00eam a alma \u00e0 flor da emo\u00e7\u00e3o (\u2026)\u201d.<\/div>\n\t\t\t\n\t\t\t\t\t\t<div class=\"elementor-testimonial-meta elementor-has-image elementor-testimonial-image-position-aside\">\n\t\t\t\t<div class=\"elementor-testimonial-meta-inner\">\n\t\t\t\t\t\t\t\t\t\t\t<div class=\"elementor-testimonial-image\">\n\t\t\t\t\t\t\t<img fetchpriority=\"high\" decoding=\"async\" width=\"300\" height=\"240\" src=\"https:\/\/akweno.ao\/helder2\/wp-content\/uploads\/2025\/04\/cintia_goncalves.jpeg\" class=\"attachment-full size-full wp-image-3188\" alt=\"\" srcset=\"https:\/\/akweno.ao\/helder2\/wp-content\/uploads\/2025\/04\/cintia_goncalves.jpeg 300w, https:\/\/akweno.ao\/helder2\/wp-content\/uploads\/2025\/04\/cintia_goncalves-260x208.jpeg 260w\" sizes=\"(max-width: 300px) 100vw, 300px\" \/>\t\t\t\t\t\t<\/div>\n\t\t\t\t\t\n\t\t\t\t\t\t\t\t\t\t<div class=\"elementor-testimonial-details\">\n\t\t\t\t\t\t\t\t\t\t\t\t\t\t<div class=\"elementor-testimonial-name\">C\u00edntia Gon\u00e7alves Andr\u00e9<\/div>\n\t\t\t\t\t\t\t\t\t\t\t\t\t\t\t\t\t\t\t\t\t\t<div class=\"elementor-testimonial-job\">Escritora e Cr\u00edtica Liter\u00e1ria<\/div>\n\t\t\t\t\t\t\t\t\t\t\t\t\t<\/div>\n\t\t\t\t\t\t\t\t\t<\/div>\n\t\t\t<\/div>\n\t\t\t\t\t<\/div>\n\t\t\t\t\t\t<\/div>\n\t\t\t\t<\/div>\n\t\t\t\t<div class=\"elementor-element elementor-element-a1294f4 elementor-widget elementor-widget-testimonial\" data-id=\"a1294f4\" data-element_type=\"widget\" data-widget_type=\"testimonial.default\">\n\t\t\t\t<div class=\"elementor-widget-container\">\n\t\t\t\t\t\t\t<div class=\"elementor-testimonial-wrapper\">\n\t\t\t\t\t\t\t<div class=\"elementor-testimonial-content\">\u201c(\u2026) Insurrei\u00e7\u00e3o dos Signos serve-nos como um palco que nos remete a assistir ao surgimento de conceber com o poder da mente e dos dedos uma nova forma de fazer poesia em Angola. Sem desprimor ao material literatura j\u00e1 existente, o escrito, H\u00e9lder Simbad ou Ybynda Kayambu, ressurge neste poem\u00e1rio novos signos ou t\u00e9cnicas e est\u00e9ticas de informar ao leitor atrav\u00e9s duns sujeitos po\u00e9ticos, com os modos expressivos c\u00f3micos, dram\u00e1ticos, did\u00e1cticos e, profundamente, pol\u00edticos, os grandes problemas que atrasam o progresso da terra do autor e dos demais pa\u00edses africanos e do mundo.(\u2026)\u201d.<\/div>\n\t\t\t\n\t\t\t\t\t\t<div class=\"elementor-testimonial-meta elementor-has-image elementor-testimonial-image-position-aside\">\n\t\t\t\t<div class=\"elementor-testimonial-meta-inner\">\n\t\t\t\t\t\t\t\t\t\t\t<div class=\"elementor-testimonial-image\">\n\t\t\t\t\t\t\t<img decoding=\"async\" width=\"192\" height=\"216\" src=\"https:\/\/akweno.ao\/helder2\/wp-content\/uploads\/2025\/04\/AC_Khamba1.jpeg\" class=\"attachment-full size-full wp-image-3187\" alt=\"\" \/>\t\t\t\t\t\t<\/div>\n\t\t\t\t\t\n\t\t\t\t\t\t\t\t\t\t<div class=\"elementor-testimonial-details\">\n\t\t\t\t\t\t\t\t\t\t\t\t\t\t<div class=\"elementor-testimonial-name\">AC Khamba<\/div>\n\t\t\t\t\t\t\t\t\t\t\t\t\t\t\t\t\t\t\t\t\t\t<div class=\"elementor-testimonial-job\">Escritora e Cr\u00edtico Liter\u00e1rio<\/div>\n\t\t\t\t\t\t\t\t\t\t\t\t\t<\/div>\n\t\t\t\t\t\t\t\t\t<\/div>\n\t\t\t<\/div>\n\t\t\t\t\t<\/div>\n\t\t\t\t\t\t<\/div>\n\t\t\t\t<\/div>\n\t\t\t\t<div class=\"elementor-element elementor-element-92344e6 elementor-widget elementor-widget-testimonial\" data-id=\"92344e6\" data-element_type=\"widget\" data-widget_type=\"testimonial.default\">\n\t\t\t\t<div class=\"elementor-widget-container\">\n\t\t\t\t\t\t\t<div class=\"elementor-testimonial-wrapper\">\n\t\t\t\t\t\t\t<div class=\"elementor-testimonial-content\">\u201c(\u2026) permito-me citar a autora do pref\u00e1cio, C\u00edntia Gon\u00e7alves Andr\u00e9 (tamb\u00e9m ela integrante deste movimento liter\u00e1rio), que, numa an\u00e1lise muito abrangente, afirma o seguinte: \u00c9 uma obra que se deve discutir, pois ela \u00e9 tagarela, inoportuna e corajosa. Num pensamento, as palavras nascem da alma que as escreve, mas se alimentam de quem as l\u00ea (\u2026)\u201d.<\/div>\n\t\t\t\n\t\t\t\t\t\t<div class=\"elementor-testimonial-meta elementor-has-image elementor-testimonial-image-position-aside\">\n\t\t\t\t<div class=\"elementor-testimonial-meta-inner\">\n\t\t\t\t\t\t\t\t\t\t\t<div class=\"elementor-testimonial-image\">\n\t\t\t\t\t\t\t<img decoding=\"async\" width=\"150\" height=\"150\" src=\"https:\/\/akweno.ao\/helder2\/wp-content\/uploads\/2025\/04\/Luisa-Fresta-Foto-de-Perfil-n150x150.jpeg\" class=\"attachment-full size-full wp-image-3186\" alt=\"\" srcset=\"https:\/\/akweno.ao\/helder2\/wp-content\/uploads\/2025\/04\/Luisa-Fresta-Foto-de-Perfil-n150x150.jpeg 150w, https:\/\/akweno.ao\/helder2\/wp-content\/uploads\/2025\/04\/Luisa-Fresta-Foto-de-Perfil-n150x150-100x100.jpeg 100w\" sizes=\"(max-width: 150px) 100vw, 150px\" \/>\t\t\t\t\t\t<\/div>\n\t\t\t\t\t\n\t\t\t\t\t\t\t\t\t\t<div class=\"elementor-testimonial-details\">\n\t\t\t\t\t\t\t\t\t\t\t\t\t\t<div class=\"elementor-testimonial-name\">Luisa Fresta<\/div>\n\t\t\t\t\t\t\t\t\t\t\t\t\t\t\t\t\t\t\t\t\t\t<div class=\"elementor-testimonial-job\">Escritora e Cronista<\/div>\n\t\t\t\t\t\t\t\t\t\t\t\t\t<\/div>\n\t\t\t\t\t\t\t\t\t<\/div>\n\t\t\t<\/div>\n\t\t\t\t\t<\/div>\n\t\t\t\t\t\t<\/div>\n\t\t\t\t<\/div>\n\t\t\t\t<\/div>\n\t\t\t\t\t<\/div>\n\t\t\t\t<\/div>\n\t\t\t\t<\/div>\n\t\t","protected":false},"excerpt":{"rendered":"<p>\u201c(\u2026) Este livro tem uma abordagem, atenta e exaustiva, rica em pormenores interpretativos da l\u00edbido. \u00c9 poesia em tudo, inconformista \u00e0 norma, subjuntiva a uma<\/p>\n","protected":false},"author":1,"featured_media":0,"parent":0,"menu_order":0,"comment_status":"closed","ping_status":"closed","template":"","meta":{"footnotes":""},"class_list":["post-3091","page","type-page","status-publish","hentry"],"aioseo_notices":[],"_links":{"self":[{"href":"https:\/\/akweno.ao\/helder2\/wp-json\/wp\/v2\/pages\/3091","targetHints":{"allow":["GET"]}}],"collection":[{"href":"https:\/\/akweno.ao\/helder2\/wp-json\/wp\/v2\/pages"}],"about":[{"href":"https:\/\/akweno.ao\/helder2\/wp-json\/wp\/v2\/types\/page"}],"author":[{"embeddable":true,"href":"https:\/\/akweno.ao\/helder2\/wp-json\/wp\/v2\/users\/1"}],"replies":[{"embeddable":true,"href":"https:\/\/akweno.ao\/helder2\/wp-json\/wp\/v2\/comments?post=3091"}],"version-history":[{"count":46,"href":"https:\/\/akweno.ao\/helder2\/wp-json\/wp\/v2\/pages\/3091\/revisions"}],"predecessor-version":[{"id":3191,"href":"https:\/\/akweno.ao\/helder2\/wp-json\/wp\/v2\/pages\/3091\/revisions\/3191"}],"wp:attachment":[{"href":"https:\/\/akweno.ao\/helder2\/wp-json\/wp\/v2\/media?parent=3091"}],"curies":[{"name":"wp","href":"https:\/\/api.w.org\/{rel}","templated":true}]}}