{"id":838,"date":"2024-03-02T18:41:37","date_gmt":"2024-03-02T18:41:37","guid":{"rendered":"https:\/\/fluentthemes.com\/wp\/maxhost\/?page_id=838"},"modified":"2024-05-18T22:35:43","modified_gmt":"2024-05-18T22:35:43","slug":"manutencao-de-sites","status":"publish","type":"page","link":"https:\/\/akweno.ao\/aks\/manutencao-de-sites\/","title":{"rendered":"Manuten\u00e7\u00e3o de Sites"},"content":{"rendered":"<div class=\"wpb-content-wrapper\"><p>[vc_row full_width=&#8221;stretch_row&#8221; top_padding=&#8221;60px&#8221; bottom_padding=&#8221;48px&#8221; css=&#8221;.vc_custom_1715341684235{background-color: #f7f7f7 !important;}&#8221;][vc_column width=&#8221;1\/2&#8243;][vc_empty_space height=&#8221;50px&#8221;][vc_single_image image=&#8221;2176&#8243; img_size=&#8221;full&#8221; add_caption=&#8221;yes&#8221; alignment=&#8221;center&#8221; style=&#8221;vc_box_border&#8221; border_color=&#8221;white&#8221;][\/vc_column][vc_column width=&#8221;1\/2&#8243;]<h2 class=\"font-color font30 font-bold uppercase m-bottom1\">Manuten\u00e7\u00e3o de Sites<\/h2>[vc_empty_space height=&#8221;10px&#8221;][vc_column_text]A Akweno oferece-lhe o servi\u00e7o de manuten\u00e7\u00e3o t\u00e9cnica de site, com o intuito de deixar o site sempre actualizado em termos de conte\u00fados, protegido e bem divulgado<\/p>\n<blockquote>\n<h4><strong>Certificamo-nos do bom funcionamento do seu website e garantimos que a sua presenc\u0327a na internet seja sempre positiva e fruti\u0301fera.<\/strong><\/h4>\n<\/blockquote>\n<p class=\"vc_custom_heading vc_custom_1683994091265\">No momento, este servi\u00e7o \u00e9 aplic\u00e1vel\u00a0 a sites desenvolvidos usando:<\/p>\n<p>[\/vc_column_text][vc_empty_space height=&#8221;25px&#8221;]<ul class=\"list-group\"><li class=\"list-group\"><i class=\"fa fa-check\"><\/i> Plataforma WordPress<br \/><\/li><li class=\"list-group\"><i class=\"fa fa-check\"><\/i> Plataforma Joomla<br \/><\/li><li class=\"list-group\"><i class=\"fa fa-check\"><\/i> Plataforma PrestaShop<\/li><\/ul>[\/vc_column][\/vc_row][vc_row css=&#8221;.vc_custom_1714854598281{margin-top: 50px !important;}&#8221;][vc_column width=&#8221;1\/2&#8243;]\n\t\t\t\t<h2 class=\"text-center font-bold font-black font30 uppercase\">TABELAS DE PRE\u00c7OS<\/h2>\n\t\t\t\t<div class=\"title-line-shape m-bottom3\"><\/div>[\/vc_column][vc_column width=&#8221;1\/2&#8243;][\/vc_column][\/vc_row][vc_row bottom_padding=&#8221;70px&#8221;][vc_column width=&#8221;1\/4&#8243;]<div class=\"m-bottom3\">\n          <div class=\"pricing-box-home2 text-center\">\n            <h2 class=\"font-bold font15 font-white uppercase\">Padr\u00e3o<\/h2>\n            <div class=\"price font60 font-black-dark\"><small class=\"font25\">kz<\/small>18.000<br>\n              <span class=\"font18\"> m\u00eas (1 Site)<\/span> <\/div>\n            <ul class=\"fea-lists\"><li>Gest\u00e3o de Conte\u00fados<br \/><\/li><li>Correc\u00e7\u00e3o de Erros<br \/><\/li><li>Protec\u00e7\u00e3o Anti Hackers<br \/><\/li><li>SEO B\u00e1sico<br \/><\/li><li>Gest\u00e3o de Stock (p\/ loja)<\/li><\/ul>\n            <div class=\"order m-top1\"><a class=\"font16\" href=\"https:\/\/www.akweno.co.ao\/area-cliente\/index.php?rp=\/store\/manutencao-de-websites\/plano-padrao\">Contratar <i class=\"fa fa-arrow-circle-right\"><\/i><\/a><\/div>\n          <\/div>\n        <\/div>[\/vc_column][vc_column width=&#8221;1\/4&#8243;]<div class=\"m-bottom3\">\n          <div class=\"pricing-box-home2 text-center\">\n            <h2 class=\"font-bold font15 font-white uppercase\">Guest<\/h2>\n            <div class=\"price font60 font-black-dark\"><small class=\"font25\">kz<\/small>5500<br>\n              <span class=\"font18\"> dia (1 Site)<\/span> <\/div>\n            <ul class=\"fea-lists\"><li>Interven\u00e7\u00e3o personalizada<br \/><\/li><li>Gest\u00e3o de Conte\u00fados<br \/><\/li><li>Correc\u00e7\u00e3o de Erros<br \/><\/li><li>Protec\u00e7\u00e3o Anti Hackers<br \/><\/li><li>SEO B\u00e1sico<\/li><\/ul>\n            <div class=\"order m-top1\"><a class=\"font16\" href=\"https:\/\/www.akweno.co.ao\/area-cliente\/index.php?rp=\/store\/manutencao-de-websites\/\">Contratar <i class=\"fa fa-arrow-circle-right\"><\/i><\/a><\/div>\n          <\/div>\n        <\/div>[\/vc_column][vc_column width=&#8221;1\/2&#8243;]\n\t\t\t\t<h3 class=\"font-bold font-black font15 uppercase\">Tem alguma<\/h3>\n\t\t\t\t\n\t\t\t\t<h2 class=\"font-bold font-black font30 uppercase m-bottom3\">D\u00favida?<\/h2><div class=\"m-top3\">\n          <div aria-multiselectable=\"true\" role=\"tablist\" id=\"accordion20\" class=\"panel-group collaps collaps-style-2\"><div class=\"panel panel-default\">\n              <div id=\"heading201\" role=\"tab\" class=\"panel-heading\">\n                <h4 class=\"panel-title uppercase\"> <a aria-expanded=\"true\" aria-controls=\"collapse201\" href=\"#collapse201\" data-parent=\"#accordion20\" data-toggle=\"collapse\" role=\"button\" >QUAIS AS FORMAS DE PAGAMENTO ACEITES?<\/a> <\/h4>\n              <\/div>\n              <div style=\"\" aria-expanded=\"true\" aria-labelledby=\"heading201\" role=\"tabpanel\" class=\"panel-collapse collapse in\" id=\"collapse201\">\n                <div class=\"panel-body\">\n                  <p>No momento aceitamos: Dep\u00f3sito, transfer\u00eancia banc\u00e1ria (internet banking, Multicaixa, Express, ATM) e Paypal.<\/p>\n                <\/div>\n              <\/div>\n            <\/div><div class=\"panel panel-default\">\n              <div id=\"heading202\" role=\"tab\" class=\"panel-heading\">\n                <h4 class=\"panel-title uppercase\"> <a aria-expanded=\"false\" aria-controls=\"collapse202\" href=\"#collapse202\" data-parent=\"#accordion20\" data-toggle=\"collapse\" role=\"button\" class=\"collapsed\">O QUE DEVO FORNECER AO CONTRATAR MANUTEN\u00c7\u00c3O?<\/a> <\/h4>\n              <\/div>\n              <div style=\"height: 0px;\" aria-expanded=\"false\" aria-labelledby=\"heading202\" role=\"tabpanel\" class=\"panel-collapse collapse \" id=\"collapse202\">\n                <div class=\"panel-body\">\n                  <p>Para websites criados por outro provedor dever\u00e1 fornecer:<br \/>\n- Os dados de acesso \u00e1 administra\u00e7\u00e3o do site.<br \/>\n- Os detalhes do tipo de manuten\u00e7\u00e3o pretendida.<\/p>\n<p>Para sites desenvolvidos e hospedados pela AKWENO, precisa apenas de efetuar o pagamento e descrever o tipo de manuten\u00e7\u00e3o pretendida.<\/p>\n                <\/div>\n              <\/div>\n            <\/div><div class=\"panel panel-default\">\n              <div id=\"heading203\" role=\"tab\" class=\"panel-heading\">\n                <h4 class=\"panel-title uppercase\"> <a aria-expanded=\"false\" aria-controls=\"collapse203\" href=\"#collapse203\" data-parent=\"#accordion20\" data-toggle=\"collapse\" role=\"button\" class=\"collapsed\">O que significa a ``interven\u00e7\u00e3o personalizada``?<\/a> <\/h4>\n              <\/div>\n              <div style=\"height: 0px;\" aria-expanded=\"false\" aria-labelledby=\"heading203\" role=\"tabpanel\" class=\"panel-collapse collapse \" id=\"collapse203\">\n                <div class=\"panel-body\">\n                  <p>Interven\u00e7\u00e3o personalizada seria a gest\u00e3o de conte\u00fados a efetuar em sites de: Com\u00e9rcio online, Not\u00edcias, Classificados, Portais, etc. Que pode ser mais extensa.<\/p>\n                <\/div>\n              <\/div>\n            <\/div><div class=\"panel panel-default\">\n              <div id=\"heading204\" role=\"tab\" class=\"panel-heading\">\n                <h4 class=\"panel-title uppercase\"> <a aria-expanded=\"false\" aria-controls=\"collapse204\" href=\"#collapse204\" data-parent=\"#accordion20\" data-toggle=\"collapse\" role=\"button\" class=\"collapsed\">Posso obter mais do que estes planos oferecem?<\/a> <\/h4>\n              <\/div>\n              <div style=\"height: 0px;\" aria-expanded=\"false\" aria-labelledby=\"heading204\" role=\"tabpanel\" class=\"panel-collapse collapse \" id=\"collapse204\">\n                <div class=\"panel-body\">\n                  <p>Sim! Poderemos personalizar o seu plano de manuten\u00e7\u00e3o.<br \/>\nDever\u00e1 listar cada detalhe da manuten\u00e7\u00e3o pretendida.<\/p>\n                <\/div>\n              <\/div>\n            <\/div>\t<\/div>\n\t\t   <\/div>[\/vc_column][\/vc_row]<\/p>\n<\/div>","protected":false},"excerpt":{"rendered":"<p>[vc_row full_width=&#8221;stretch_row&#8221; top_padding=&#8221;60px&#8221; bottom_padding=&#8221;48px&#8221; css=&#8221;.vc_custom_1715341684235{background-color: #f7f7f7 !important;}&#8221;][vc_column width=&#8221;1\/2&#8243;][vc_empty_space height=&#8221;50px&#8221;][vc_single_image image=&#8221;2176&#8243; img_size=&#8221;full&#8221; add_caption=&#8221;yes&#8221; alignment=&#8221;center&#8221; style=&#8221;vc_box_border&#8221; border_color=&#8221;white&#8221;][\/vc_column][vc_column width=&#8221;1\/2&#8243;][vc_empty_space height=&#8221;10px&#8221;][vc_column_text]A Akweno oferece-lhe o servi\u00e7o de manuten\u00e7\u00e3o t\u00e9cnica de site, com o intuito de deixar o site sempre actualizado em termos de conte\u00fados, protegido e bem divulgado Certificamo-nos do bom funcionamento do seu website e garantimos que a sua presenc\u0327a na internet seja sempre positiva e fruti\u0301fera. No momento, [&hellip;]<\/p>\n","protected":false},"author":1,"featured_media":0,"parent":0,"menu_order":0,"comment_status":"closed","ping_status":"closed","template":"page-vc.php","meta":{"footnotes":""},"class_list":["post-838","page","type-page","status-publish","hentry"],"_links":{"self":[{"href":"https:\/\/akweno.ao\/aks\/wp-json\/wp\/v2\/pages\/838","targetHints":{"allow":["GET"]}}],"collection":[{"href":"https:\/\/akweno.ao\/aks\/wp-json\/wp\/v2\/pages"}],"about":[{"href":"https:\/\/akweno.ao\/aks\/wp-json\/wp\/v2\/types\/page"}],"author":[{"embeddable":true,"href":"https:\/\/akweno.ao\/aks\/wp-json\/wp\/v2\/users\/1"}],"replies":[{"embeddable":true,"href":"https:\/\/akweno.ao\/aks\/wp-json\/wp\/v2\/comments?post=838"}],"version-history":[{"count":46,"href":"https:\/\/akweno.ao\/aks\/wp-json\/wp\/v2\/pages\/838\/revisions"}],"predecessor-version":[{"id":2321,"href":"https:\/\/akweno.ao\/aks\/wp-json\/wp\/v2\/pages\/838\/revisions\/2321"}],"wp:attachment":[{"href":"https:\/\/akweno.ao\/aks\/wp-json\/wp\/v2\/media?parent=838"}],"curies":[{"name":"wp","href":"https:\/\/api.w.org\/{rel}","templated":true}]}}